y 206690?
20
Calculate the remainder when 68506099 is divided by 27.
25
Calculate the remainder when 4083599 is divided by 2606.
2603
What is the remainder when 1446597 is divided by 7418?
87
Calculate the remainder when 1050472 is divided by 27644.
0
Calculate the remainder when 40339437 is divided by 16.
13
What is the remainder when 93456254 is divided by 12431?
12427
What is the remainder when 257993 is divided by 774?
251
What is the remainder when 4637008 is divided by 402?
340
Calculate the remainder when 2325860 is divided by 14628.
8
Calculate the remainder when 651697 is divided by 464.
241
Calculate the remainder when 430953 is divided by 22680.
33
What is the remainder when 1396122 is divided by 2320?
1802
What is the remainder when 12275859 is divided by 12275814?
45
What is the remainder when 1732090 is divided by 1172?
1046
What is the remainder when 342194 is divided by 169588?
3018
Calculate the remainder when 2791495 is divided by 157.
35
What is the remainder when 771560 is divided by 3782?
32
What is the remainder when 36530855 is divided by 3058?
3045
Calculate the remainder when 339484 is divided by 17050.
15534
What is the remainder when 8032015 is divided by 507?
121
What is the remainder when 7738496 is divided by 368494?
122
What is the remainder when 182255 is divided by 60751?
2
Calculate the remainder when 277292 is divided by 2475.
92
What is the remainder when 6761 is divided by 227?
178
What is the remainder when 313081 is divided by 148?
61
Calculate the remainder when 1192257 is divided by 8166.
21
What is the remainder when 136017 is divided by 473?
266
Calculate the remainder when 890233248 is divided by 125.
123
What is the remainder when 8481 is divided by 3848?
785
What is the remainder when 34840946 is divided by 8888?
8874
Calculate the remainder when 2755068 is divided by 3964.
88
What is the remainder when 177079 is divided by 44228?
167
What is the remainder when 956728 is divided by 478364?
0
Calculate the remainder when 300636 is divided by 30012.
516
What is the remainder when 2946 is divided by 1870?
1076
Calculate the remainder when 3086784 is divided by 4366.
22
Calculate the remainder when 251622 is divided by 1981.
35
Calculate the remainder when 4814317 is divided by 399.
382
Calculate the remainder when 199683 is divided by 1202.
151
Calculate the remainder when 831521 is divided by 3934.
1447
What is the remainder when 11670478 is divided by 123?
115
Calculate the remainder when 2587545 is divided by 369646.
23
What is the remainder when 2199586 is divided by 2?
0
Calculate the remainder when 8403831 is divided by 180.
171
Calculate the remainder when 14929904 is divided by 72125.
29
Calculate the remainder when 79739 is divided by 11385.
44
Calculate the remainder when 1525388 is divided by 99.
95
What is the remainder when 1603470 is divided by 16?
14
What is the remainder when 4630880 is divided by 2721?
2459
What is the remainder when 122005 is divided by 64?
21
Calculate the remainder when 13957545 is divided by 2791509.
0
What is the remainder when 49319 is divided by 140?
39
Calculate the remainder when 146473989 is divided by 126.
123
What is the remainder when 467219 is divided by 51?
8
What is the remainder when 1145319 is divided by 38?
37
What is the remainder when 18111301 is divided by 3622257?
16
Calculate the remainder when 106064 is divided by 50785.
4494
What is the remainder when 95475799 is divided by 9547579?
9
Calculate the remainder when 13264549 is divided by 786.
13
What is the remainder when 22237036 is divided by 56?
52
What is the remainder when 78181 is divided by 1698?
73
Calculate the remainder when 28736 is divided by 4092.
92
What is the remainder when 982029 is divided by 320?
269
What is the remainder when 78167 is divided by 38993?
181
What is the remainder when 241772 is divided by 10?
2
What is the remainder when 539235839 is divided by 704?
703
What is the remainder when 10148484 is divided by 2805?
2799
Calculate the remainder when 410611048 is divided by 75.
73
What is the remainder when 420781 is divided by 3566?
3559
What is the remainder when 1811625 is divided by 16032?
9
Calculate the remainder when 22456222 is divided by 275.
272
Calculate the remainder when 367061 is divided by 13109.
9
Calculate the remainder when 379438 is divided by 5.
3
What is the remainder when 472049 is divided by 236015?
19
What is the remainder when 1037091 is divided by 242?
121
Calculate the remainder when 34081 is divided by 7290.
4921
What is the remainder when 676792 is divided by 169197?
4
Calculate the remainder when 3437259 is divided by 45227.
7
What is the remainder when 1515730 is divided by 9130?
150
Calculate the remainder when 330171 is divided by 66031.
16
What is the remainder when 138661 is divided by 3970?
3681
Calculate the remainder when 645 is divided by 600.
45
What is the remainder when 21351327 is divided by 3558552?
15
What is the remainder when 70683 is divided by 471?
33
What is the remainder when 20596024 is divided by 31?
27
What is the remainder when 416624 is divided by 602?
40
Calculate the remainder when 7293646 is divided by 364676.
126
What is the remainder when 845972 is divided by 349?
345
Calculate the remainder when 17763478 is divided by 28.
26
Calculate the remainder when 49119290 is divided by 20.
10
What is the remainder when 933152 is divided by 843?
794
What is the remainder when 2058648 is divided by 110?
108
Calculate the remainder when 3198647 is divided by 9.
2
Calculate the remainder when 415102 is divided by 138272.
286
Calculate the remainder when 23943 is divided by 647.
4
What is the remainder when 1689652 is divided by 5280?
52
Calculate the remainder when 29528208 is divided by 61.
60
Calculate the remainder when 90109879 is divided by 892177.
2
What is the remainder when 83396037 is divided by 35?
32
Calculate the remainder when 25086 is divided by 21919.
3167
Calculate the remainder when 2103141 is divided by 4.
1
Calculate the remainder when 1303659 is divided by 3458.
3451
Calculate the remainder when 98597 is divided by 4476.
125
Calculate the remainder when 29612 is divided by 1849.
28
Calculate the remainder when 627197 is divided by 1807.
168
Calculate the remainder when 59667 is divided by 2979.
87
What is the remainder when 666037 is divided by 24667?
28
What is the remainder when 1222727 is divided by 1839?
1631
Calculate the remainder when 1970004 is divided by 1937.
75
What is the remainder when 212475 is divided by 321?
294
Calculate the remainder when 579022 is divided by 826.
822
Calculate the remainder when 3191825 is divided by 631.
227
What is the remainder when 722666941 is divided by 614?
607
Calculate the remainder when 1311676 is divided by 34.
24
What is the remainder when 128996596 is divided by 890?
886
Calculate the remainder when 101520 is divided by 532.
440
What is the remainder when 1250702 is divided by 275?
2
Calculate the remainder when 1790255 is divided by 2884.
2175
Calculate the remainder when 288230 is divided by 31345.
6125
Calculate the remainder when 11897977 is divided by 101.
76
Calculate the remainder when 2000096 is divided by 1505.
1456
What is the remainder when 12135577 is divided by 627?
619
Calculate the remainder when 26362722 is divided by 688.
626
Calculate the remainder when 237808 is divided by 7083.
4069
What is the remainder when 8537463 is divided by 607?
8
Calculate the remainder when 439379094 is divided by 488.
486
What is the remainder when 32420 is divided by 6353?
655
What is the remainder when 13501275 is divided by 2323?
2322
What is the remainder when 14171 is divided by 1265?
256
What is the remainder when 1094557 is divided by 149?
3
Calculate the remainder when 14233828 is divided by 1935.
1903
What is the remainder when 135905 is divided by 3474?
419
Calculate the remainder when 5689723 is divided by 23.
6
Calculate the remainder when 6548791 is divided by 9342.
49
What is the remainder when 61383 is divided by 5561?
212
Calculate the remainder when 988543 is divided by 28.
3
What is the remainder when 2040768 is divided by 1019811?
1146
Calculate the remainder when 70698950 is divided by 326.
308
Calculate the remainder when 4409821 is